on divisor of 17 and 6239.
17
Calculate the greatest common factor of 94184 and 122.
122
What is the highest common factor of 2520 and 1400?
280
What is the greatest common factor of 40 and 440?
40
Calculate the greatest common factor of 20 and 20.
20
What is the highest common divisor of 396 and 36?
36
What is the greatest common divisor of 1590 and 10812?
318
Calculate the greatest common factor of 129 and 344.
43
Calculate the highest common divisor of 13032 and 72.
72
Calculate the greatest common divisor of 30 and 14230.
10
Calculate the greatest common divisor of 260 and 793.
13
Calculate the greatest common factor of 1 and 2126.
1
Calculate the greatest common factor of 171 and 15.
3
Calculate the highest common factor of 1890 and 42.
42
What is the highest common factor of 363 and 825?
33
Calculate the greatest common factor of 3620 and 20.
20
Calculate the highest common factor of 1010 and 35.
5
Calculate the highest common factor of 20667 and 3.
3
Calculate the highest common divisor of 63 and 2583.
63
What is the greatest common factor of 72105 and 57?
57
Calculate the highest common divisor of 1271 and 41.
41
What is the highest common divisor of 245 and 35?
35
Calculate the greatest common factor of 35 and 567.
7
Calculate the highest common factor of 15 and 15375.
15
Calculate the highest common divisor of 16 and 40.
8
Calculate the greatest common factor of 208 and 112.
16
Calculate the highest common divisor of 2 and 98.
2
Calculate the highest common divisor of 222 and 3626.
74
Calculate the greatest common divisor of 56 and 84.
28
Calculate the greatest common divisor of 32 and 16448.
32
What is the highest common factor of 8056 and 456?
152
Calculate the highest common divisor of 22 and 165.
11
Calculate the highest common factor of 15 and 615.
15
Calculate the greatest common factor of 770 and 490.
70
What is the highest common divisor of 182 and 2925?
13
Calculate the greatest common divisor of 372 and 36.
12
Calculate the highest common factor of 31 and 744.
31
What is the greatest common divisor of 1 and 55?
1
Calculate the highest common factor of 190 and 10.
10
What is the greatest common divisor of 986 and 272?
34
Calculate the highest common divisor of 63 and 17703.
63
Calculate the greatest common divisor of 27 and 2241.
27
What is the highest common divisor of 83 and 664?
83
Calculate the greatest common factor of 61 and 9577.
61
What is the highest common factor of 13 and 416?
13
Calculate the highest common divisor of 56 and 308.
28
Calculate the greatest common divisor of 33 and 1804.
11
What is the greatest common divisor of 38 and 1862?
38
Calculate the highest common divisor of 64 and 1856.
64
Calculate the greatest common factor of 406 and 23548.
406
What is the greatest common factor of 76 and 7828?
76
What is the highest common factor of 3 and 67?
1
Calculate the greatest common factor of 64 and 88.
8
What is the greatest common divisor of 1133 and 618?
103
Calculate the highest common divisor of 221 and 119.
17
What is the greatest common factor of 27 and 36?
9
What is the highest common factor of 1232 and 275?
11
Calculate the highest common divisor of 486 and 6.
6
What is the greatest common factor of 2024 and 23?
23
What is the highest common factor of 15340 and 1040?
260
What is the greatest common divisor of 164 and 20090?
82
Calculate the highest common factor of 16 and 16.
16
What is the highest common factor of 2412 and 36?
36
Calculate the highest common divisor of 45 and 320.
5
Calculate the greatest common factor of 572 and 104.
52
Calculate the highest common divisor of 56 and 5712.
56
Calculate the greatest common divisor of 16 and 2048.
16
Calculate the greatest common factor of 440 and 2585.
55
What is the greatest common divisor of 75 and 615?
15
Calculate the greatest common divisor of 368 and 16.
16
Calculate the greatest common divisor of 324 and 1539.
81
What is the highest common factor of 3400 and 68?
68
What is the greatest common factor of 270 and 468?
18
What is the highest common divisor of 660 and 3000?
60
Calculate the highest common factor of 5888 and 1012.
92
What is the greatest common divisor of 136 and 8?
8
Calculate the greatest common divisor of 16 and 4416.
16
What is the highest common divisor of 100 and 25?
25
Calculate the greatest common factor of 24 and 60.
12
What is the highest common divisor of 216 and 27?
27
Calculate the highest common divisor of 29 and 493.
29
Calculate the highest common divisor of 10 and 5770.
10
Calculate the highest common divisor of 44 and 35464.
44
Calculate the greatest common factor of 17 and 731.
17
Calculate the greatest common divisor of 6 and 167.
1
Calculate the greatest common factor of 31 and 1.
1
Calculate the highest common factor of 16 and 48.
16
What is the greatest common divisor of 357 and 238?
119
What is the highest common factor of 1232 and 913?
11
What is the greatest common factor of 18 and 1476?
18
Calculate the highest common factor of 15500 and 248.
124
What is the highest common factor of 75 and 285?
15
What is the greatest common factor of 1215 and 3888?
243
Calculate the greatest common divisor of 102 and 6171.
51
What is the highest common factor of 2 and 98?
2
Calculate the greatest common divisor of 560 and 1344.
112
What is the highest common factor of 808 and 4949?
101
What is the highest common divisor of 169 and 325?
13
What is the greatest common factor of 25731 and 54?
27
What is the highest common factor of 287 and 7?
7
What is the greatest common factor of 81 and 459?
27
What is the highest common divisor of 3 and 33?
3
What is the highest common divisor of 80 and 256?
16
Calculate the greatest common divisor of 2236 and 52.
52
Calculate the highest common divisor of 11 and 5269.
11
What is the highest common factor of 23 and 33373?
23
Calculate the greatest common factor of 13 and 1.
1
What is the greatest common divisor of 1793 and 11?
11
Calculate the highest common factor of 108 and 459.
27
What is the greatest common factor of 42 and 2751?
21
Calculate the highest common factor of 6456 and 24.
24
What is the highest common divisor of 1541 and 46?
23
Calculate the greatest common divisor of 18 and 7596.
18
Calculate the highest common divisor of 640 and 40.
40
What is the highest common divisor of 399 and 513?
57
Calculate the highest common factor of 96 and 1176.
24
What is the highest common divisor of 4 and 46?
2
What is the highest common divisor of 24 and 32?
8
What is the greatest common divisor of 24795 and 87?
87
Calculate the greatest common divisor of 1192 and 32.
8
What is the highest common divisor of 6499 and 97?
97
What is the highest common factor of 949 and 39?
13
What is the greatest common factor of 234 and 1326?
78
What is the greatest common divisor of 164 and 41?
41
What is the greatest common factor of 5123 and 327?
109
Calculate the highest common divisor of 70 and 63.
7
What is the highest common factor of 475 and 25?
25
Calculate the greatest common factor of 1600 and 96.
32
Calculate the greatest common factor of 30 and 18.
6
What is the highest common factor of 1 and 293?
1
Calculate the greatest common divisor of 18 and 192.
6
Calculate the greatest common divisor of 453 and 10268.
151
Calculate the greatest common divisor of 21 and 483.
21
Calculate the highest common divisor of 71 and 781.
71
Calculate the highest common divisor of 250 and 1625.
125
What is the highest common divisor of 191 and 25212?
191
What is the greatest common factor of 72 and 32?
8
What is the greatest common divisor of 46 and 20?
2
What is the greatest common factor of 8 and 40?
8
Calculate the greatest common divisor of 3427 and 149.
149
Calculate the greatest common divisor of 76 and 28.
4
Calculate the highest common divisor of 108 and 729.
27
Calculate the greatest common factor of 108 and 27.
27
Calculate the highest common divisor of 168 and 588.
84
What is the highest common factor of 975 and 39?
39
Calculate the highest common divisor of 204 and 60.
12
Calculate the greatest common factor of 110 and 360.
10
What is the greatest common divisor of 2448 and 66?
6
What is the greatest common factor of 8967 and 196?
49
What is the highest common factor of 26 and 6?
2
What is the great